 - 99*a - 1011. Let c be v(-15). What is s(c)?
20
Let q(p) = -7 + 22*p**2 + 22*p**2 + 29*p - 39*p - 46*p**2. What is q(-6)?
-19
Let l(f) = -70*f + 1966. Let w be l(28). Let y(q) = q**2 - 9*q + 4. Calculate y(w).
-14
Let l(q) = -29*q + 9. Let h(f) = -16*f + 5. Suppose 2*r - i + 25 = -0*r, -5*r = i + 52. Let b(j) = r*h(j) + 6*l(j). What is b(5)?
9
Let o(i) be the second derivative of -i**3/3 - 2*i**2 - i. Let c = -213236 - -213228. What is o(c)?
12
Suppose 0 = -51*l + 37*l + 350. Suppose -3*n + 2 = 4*c - l, 2*n = 3*c + 1. Let v(t) = -t**3 + t**2 - 3*t - 1. What is v(c)?
-28
Let j(q) = -q - 15. Suppose 80 = 27*c - 11*c. Suppose 34 = -c*r - 26. What is j(r)?
-3
Let h(o) = 11*o**3 + 9*o**2 - 50. Let x(s) = 9*s**3 + 8*s**2 - 42. Let z(n) = 5*h(n) - 6*x(n). Let b be ((-2)/(-7))/(9/126). Calculate z(b).
18
Let a = -60 - -127. Let n = -67 + a. Let w(p) = p**2 - 92 + 84 + 0*p**2. Determine w(n).
-8
Let k(d) be the third derivative of d**4/12 + 5*d**3/6 - 2*d**2 + 1543*d. What is k(-1)?
3
Let b be 96/10 + (-10)/(-25). Suppose 0 = b*x - 14*x + 68. Suppose -35 + x = 3*n. Let d(q) = -q**2 - 5*q - 4. Give d(n).
-10
Let q = 699 - 692. Let d(u) be the second derivative of -u**4/12 + 2*u**3/3 + 8*u**2 - 29*u. Determine d(q).
-5
Let h(x) = -19*x - 1. Suppose -75*g + 293 + 157 = 0. What is h(g)?
-115
Let l(q) = q**3 + 7*q**2 + 2*q - 1. Let t be (36/27 + 1)*(7 - 10). Determine l(t).
-15
Let a be 6/(-87) + (-3042)/(-377). Suppose -a*v - 60 = 7*v. Let p(t) = t**3 + 3*t**2 + 2*t - 3. What is p(v)?
-27
Let r(a) = -6 + a + 6. Let k(j) = j. Let f be 2/12*6 + -3. Let n(u) = f*k(u) + 4*r(u). Calculate n(-1).
-2
Let p(b) be the third derivative of 1/60*b**5 - b + 0 + 31*b**2 + 5/6*b**3 - 7/24*b**4. Calculate p(4).
-7
Let c(k) = -5*k**2 + 2. Suppose -8 = -2*r - 4*s + 8, 2*s = -2*r + 26. Suppose d = 4*i - 2*d + 17, 3*i - 4*d = -r. Calculate c(i).
-18
Let i(q) = 24*q + 5. Let z(k) = 4*k. Let t(u) = i(u) - 5*z(u). Calculate t(-3).
-7
Suppose -8*w - 66*w = 41*w + 575. Let h(r) = 3*r - 11 + 0*r - 5*r. Determine h(w).
-1
Let a(c) be the first derivative of -c**4/6 - c**3/3 + c**2/2 + 4*c + 255. Let d(f) be the first derivative of a(f). Calculate d(1).
-3
Let s(q) = 5*q**2 - 7*q - 8. Let t(j) = j**3 + 4*j**2 + 3*j + 13. Let a be t(-4). Let b(h) = h**2 - h - 1. Let f(v) = a*s(v) - 6*b(v). Determine f(-2).
-4
Let l(o) = 5*o**3 - 12*o**2 + 5*o + 9. Let h(y) = -3*y**3 - y**2 - y + 8. Let v(j) = -2*h(j) - l(j). Give v(-14).
17
Let h(c) = c**2 + 1. Let k be ((-8)/(-20) + 0)/((-1)/(-5)). Suppose 4*n - k*w + 13 = 3*w, 5*w - 11 = 3*n. Let y(g) = -g**2 - g. Let x be y(n). Give h(x).
5
Suppose 158*i - 169*i = 0. Suppose -83*y + 70*y + 104 = i. Let s(w) = w**2 - 11*w - 3. Calculate s(y).
-27
Suppose 402*k = 319*k + 2490. Let n(p) be the first derivative of -p**2 - k + 7/3*p**3 - 1/4*p**4 + 6*p. Calculate n(7).
-8
Let p(n) = 3*n**2 + 21*n - 15. Let f = 14 - 7. Let x(k) = k**2 + 8 - f - 2*k**2 - 10*k + 6. Let d(c) = -2*p(c) - 5*x(c). Give d(6).
7
Let l(c) = -1662*c - 174. Let j(x) = -766*x - 87. Let v(m) = -13*j(m) + 6*l(m). Determine v(6).
3
Suppose 5*s - 130 = 18*f - 23*f, -5*s - 38 = -3*f. Let x(m) = m**2 - 19*m - 25. Determine x(f).
17
Let b(g) = g**2 + 11*g + 11. Let d(k) be the third derivative of -k**6/120 + 17*k**5/60 - 4*k**3/3 + 5*k**2 + k. Let c be d(17). What is b(c)?
-13
Let a(i) be the third derivative of -i**4/6 + 4*i**3 - 1115*i**2. Determine a(7).
-4
Let f(t) be the third derivative of 0 - 11/24*t**4 + t**2 + 0*t + 1/6*t**3. Let s be 1 - 12/30 - (-4)/10. Determine f(s).
-10
Suppose -4*b - 3*f + 38 = 3, 3*f + 10 = 5*b. Suppose -b*o + 6 = -49. Let y(x) = 15*x**2 + 3 - o*x**2 - x + 2*x - 5*x**2. Determine y(4).
-9
Let c be (75/10)/((-1)/(-2)). Suppose 4*g = -16, -17*i + g = -22*i + 36. Let j = i - c. Let f(y) = y + 3. Calculate f(j).
-4
Let r(h) = -2*h - 5. Let z(d) be the third derivative of 19*d**6/24 - d**5/60 - d**4/12 + d**3/2 - 34*d**2. Let i be z(1). Let m = 100 - i. Calculate r(m).
-15
Suppose 20*h + 69 = 29. Let a(m) = 34*m + 64. Determine a(h).
-4
Let f(x) be the first derivative of -3*x - 1/3*x**3 + x**2 - 42. Determine f(3).
-6
Let c(u) = 2*u + 20*u**2 + 8 + 1 + 7 - 18. Let g be c(2). Let o(k) = k + 195 - g - 102. Calculate o(-6).
5
Suppose 3*q + 64 = 5*q. Let o be 12/q - 3*55/120. Let g(i) = 4*i**3 + i. Determine g(o).
-5
Let k(f) = -6729 - 4*f + 6*f - 25*f**3 + 6730. Calculate k(-1).
24
Let o be 20/(-11) - 6/33. Let r(m) = -6 + 110*m**2 + 7 + 118*m**2 + 2*m + 1 - 227*m**2. Determine r(o).
2
Let s(y) = -8*y + 97. Suppose -2*i = -2*g - 22, 3*g = -3*i + 4*g + 37. Give s(i).
-7
Let v(w) = 10*w - 8*w**2 + 25*w**2 - 18*w**2 + 0*w**2 - 8. Determine v(9).
1
Let t be (64467/(-5))/(-3) + 27/135. Let i(q) = -2*q + 0*q + 4294 - q - t. Give i(4).
-16
Let n(q) = 3*q**3 - 3*q**2 + 4*q + 1. Let w be n(3). Suppose 4*d + 45 = -w. Let t be (-3)/4 + d/(-16). Let l(f) = 2*f**3 + f**2 - 1. What is l(t)?
2
Let y(i) = -466*i + 32. Let a(z) = 312*z - 32. Let s(w) = 3*a(w) + 2*y(w). What is s(23)?
60
Suppose 3*n - 111 = 12. Suppose n*t = 10*t. Let c(w) = w**3 + w + 8. Determine c(t).
8
Let h(m) = -76355 + 76369 + 0*m + 2*m. Suppose 0 = 4*d + d + 50. Give h(d).
-6
Let v(q) = -3*q + 60. Suppose -5*g + 5*o = -20, 0 = -4*g - 34*o + 27*o + 71. Determine v(g).
33
Let c(v) = -6*v + 92. Let h(o) = -o**3 + 34*o**2 + 49*o + 842. Let q be h(36). What is c(q)?
8
Let j(i) = -i**2 - 17*i + 20. Let m be j(-9). Let u = 95 - m. Let r(b) = -1 + u*b**2 - 6*b**3 - 6*b + 5*b**3 + 4*b**3 - 2*b**3. Determine r(-4).
7
Let z(d) = 11*d - 44. Let s(y) = -y**3 - 8*y - 47. Let p be s(-3). Calculate z(p).
0
Let i(w) = 19*w**2 - 11*w - 1. Let t(v) = 57*v**2 - 30*v - 3. Let a(c) = 11*i(c) - 4*t(c). Determine a(1).
-19
Let m(v) = 4*v - 127. Let j be m(33). Suppose -j*a - 17 = -7. Let o(w) = -w. Let s(p) = 4*p - 2. Let u(y) = -12*o(y) - s(y). Give u(a).
-14
Let b(s) be the third derivative of s**8/20160 - s**7/1680 - s**6/144 - 2*s**5/15 - s**3/6 - 7*s**2 - 3. Let j(h) be the third derivative of b(h). Give j(4).
-1
Let q(h) = 11*h**2 + 42*h - 102. Let m(d) = -4*d**2 - 14*d + 35. Let a(g) = -8*m(g) - 3*q(g). Give a(-18).
-46
Let x be (-18)/(-2)*(-5)/(15/2). Let m be (7 - (0 - x))*(-1 + 0). Let d(l) be the second derivative of 11*l**3/6 - l**2/2 - l. Calculate d(m).
-12
Let t(q) = -261*q + 99 + 114*q + 129*q. Let b be t(6). Let f(n) = n**2 + 10*n. Calculate f(b).
-9
Let h(z) = -z**2 - 9*z + 11. Let y(s) = s**3 + 20*s**2 - s - 30. Let t be (-1365)/70 + 1/(-2). Let n be y(t). Determine h(n).
1
Let i = -7 + 9. Suppose -7*y = -i*y + 3*u - 9, -5*y + 5*u = 15. Let j(s) = -11*s - 64. Let z(t) = 7*t + 43. Let d(l) = 5*j(l) + 8*z(l). Determine d(y).
24
Let k(m) = 2*m**3 - 3*m**2 - 6*m + 6. Let p(b) = 3*b**3 - 3*b + 1. Let n(u) = k(u) - p(u). Calculate n(-3).
14
Let u = -498 - -496. Let s(r) = -11*r**2 - 2*r + 1. Calculate s(u).
-39
Let y(j) = j**2 - 20*j + 41. Let r be (-10)/25*1*-45. Calculate y(r).
5
Let t = -3688 - -3691. Let d(f) = 2*f**2 - 6*f + 3. Determine d(t).
3
Let y(t) = 1 + 2*t**3 - 775*t**2 - 3 + 19 + 3 - 28*t + 751*t**2. Give y(13).
-6
Let b(y) = 4*y. Let o(v) = -2*v + v + 4*v + 18. Suppose -44*m + 48*m = -5*p - 20, -3*p = -3*m - 15. Let a be o(m). Give b(a).
12
Let u(h) = h**2 - 18. Let b be u(3). Let c(p) = 5*p - 14. Calculate c(b).
-59
Let y(h) = -2*h + 25. Suppose -2138 = 4*o + 10. Let v = -537 - o. What is y(v)?
25
Suppose 2*d + 20 = -3*d, 0 = 2*q - d - 8. Let h be (q/4)/(-1*(-5)/20). Suppose h*s = 3*s - 4*s. Let w(n) = n**2 - n - 5. Give w(s).
-5
Let d(j) = 2*j - 1. Let g(h) = 5*h - 2. Let l be -3 + (1 - 3) - (-9 + 6). Let x(c) = l*g(c) + 6*d(c). Give x(5).
8
Let y = -3940 - -3936. Let x(c) be the third derivative of -c**5/60 - 5*c**4/24 - 8*c**2. Calculate x(y).
4
Let a be 35/((-15)/3) - -7. Suppose a = -6*i + 28 - 4. Let r(p) = 2*p + 1. What is r(i)?
9
Let n(a) be the second derivative of a**3/3 - 7*a**2 + a. Suppose 5*q = 4*c + 62, 5*q + 151*c = 146*c - 10. Determine n(q).
-2
Let m(h) = -14*h - 1. Let n(t) be the first derivative of -7*t**2/2 + 3. Suppose -41*k + 22 + 183 = 0. Let w(j) = k*n(j) - 2*m(j). Determine w(3).
-19
Let h(t) = -5*t**2 - 10*t - 34. Let y(v) = 4*v**2 + 5*v + 35. Let x(m) = 6*h(m) + 7*y(m). Determine x(-14).
-1
Let r(s) = 16*s**3 - 4*s**2 - 2*s + 1. Let u be 10/(-11) + 352/(-3872). Give 